{"id":619,"date":"2018-04-04T14:00:15","date_gmt":"2018-04-04T14:00:15","guid":{"rendered":"http:\/\/www.argamannen.se\/?page_id=619"},"modified":"2020-10-22T18:57:26","modified_gmt":"2020-10-22T18:57:26","slug":"konferencier-speaker-intervjuare","status":"publish","type":"page","link":"https:\/\/www.argamannen.se\/?page_id=619","title":{"rendered":"Konferencier\/Speaker\/Intervjuare"},"content":{"rendered":"<p>Konferencier \u00e4r jag n\u00e5gra g\u00e5nger om \u00e5ret f\u00f6r idrottsintervjuer i hallarna runt om i Stockholm samt med \u00e5rliga presentationer f\u00f6r Artisternas Hatt.\u00a0<\/p>\n<p><a href=\"https:\/\/vimeo.com\/262857930\">https:\/\/vimeo.com\/262857930<\/a><\/p>\n<p><a href=\"https:\/\/vimeo.com\/252481778\">https:\/\/vimeo.com\/252481778<\/a><\/p>\n<p>\u00c5rligen g\u00f6r jag dokument\u00e4rintervjuer f\u00f6r Maratonmarschen\/Fotrally.\u00a0<\/p>\n<p><iframe title=\"Reporter i Maratonmarschen \/ Fotrally\" src=\"https:\/\/player.vimeo.com\/video\/176776039?dnt=1&amp;app_id=122963\" width=\"600\" height=\"338\" frameborder=\"0\" allow=\"autoplay; fullscreen; picture-in-picture; clipboard-write\"><\/iframe><\/p>\n<p>Speaker \u00e4r jag ofta f\u00f6r Guiness World Records, med v\u00e4rldens meste v\u00e4rldsrekordh\u00e5llare, Tomas Lundman.<\/p>\n<p><iframe title=\"Tomas Lundman Dokument\u00e4ren\" src=\"https:\/\/player.vimeo.com\/video\/138914787?dnt=1&amp;app_id=122963\" width=\"600\" height=\"338\" frameborder=\"0\" allow=\"autoplay; fullscreen; picture-in-picture; clipboard-write\"><\/iframe><\/p>\n<p>Intervju- och mediatr\u00e4nare samt reporter och filmare, \u00e4r jag vid galor samt vid politiska utfr\u00e5gningar, varav en del \u00e4r offentliga.<\/p>\n<p><iframe title=\"Bostadsforum mars 2018 l\u00e5ng film 180328\" src=\"https:\/\/player.vimeo.com\/video\/262205499?dnt=1&amp;app_id=122963\" width=\"600\" height=\"338\" frameborder=\"0\" allow=\"autoplay; fullscreen; picture-in-picture; clipboard-write\"><\/iframe><\/p>\n<p><iframe title=\"Reporter Maratonmarschen \/ Fotrally 2010-2017\" src=\"https:\/\/player.vimeo.com\/video\/217754440?dnt=1&amp;app_id=122963\" width=\"600\" height=\"338\" frameborder=\"0\" allow=\"autoplay; fullscreen; picture-in-picture; clipboard-write\"><\/iframe><\/p>\n<p><iframe title=\"Intervju Bostadsminister Peter Eriksson, Bostadsforum 170329\" src=\"https:\/\/player.vimeo.com\/video\/212090203?dnt=1&amp;app_id=122963\" width=\"600\" height=\"338\" frameborder=\"0\" allow=\"autoplay; fullscreen; picture-in-picture; clipboard-write\"><\/iframe><\/p>\n<p><iframe title=\"Intervju Ulf Nilsson VD D Carnegie &amp; Co 170329\" src=\"https:\/\/player.vimeo.com\/video\/211292672?dnt=1&amp;app_id=122963\" width=\"600\" height=\"338\" frameborder=\"0\" allow=\"autoplay; fullscreen; picture-in-picture; clipboard-write\"><\/iframe><\/p>\n<p><iframe title=\"Guldbaggen 2017 - Intervjuer och mingel\" src=\"https:\/\/player.vimeo.com\/video\/201030959?dnt=1&amp;app_id=122963\" width=\"600\" height=\"338\" frameborder=\"0\" allow=\"autoplay; fullscreen; picture-in-picture; clipboard-write\"><\/iframe><\/p>\n<p><iframe title=\"Roygalan 2016 p\u00e5 3 minuter\" src=\"https:\/\/player.vimeo.com\/video\/197404328?dnt=1&amp;app_id=122963\" width=\"600\" height=\"338\" frameborder=\"0\" allow=\"autoplay; fullscreen; picture-in-picture; clipboard-write\"><\/iframe><\/p>\n<p><iframe title=\"Reporter i Maratonmarschen \/ Fotrally\" src=\"https:\/\/player.vimeo.com\/video\/176776039?dnt=1&amp;app_id=122963\" width=\"600\" height=\"338\" frameborder=\"0\" allow=\"autoplay; fullscreen; picture-in-picture; clipboard-write\"><\/iframe><\/p>\n\n\n<p><\/p>\n","protected":false},"excerpt":{"rendered":"<p>Konferencier \u00e4r jag n\u00e5gra g\u00e5nger om \u00e5ret f\u00f6r idrottsintervjuer i hallarna runt om i Stockholm samt med \u00e5rliga presentationer f\u00f6r Artisternas Hatt.\u00a0 \u00c5rligen g\u00f6r jag dokument\u00e4rintervjuer f\u00f6r Maratonmarschen\/Fotrally.\u00a0 Speaker \u00e4r jag ofta f\u00f6r Guiness World Records, med v\u00e4rldens meste v\u00e4rldsrekordh\u00e5llare, Tomas Lundman. Intervju- och mediatr\u00e4nare samt reporter och filmare, \u00e4r jag vid galor samt vid [&hellip;]<\/p>\n","protected":false},"author":1,"featured_media":0,"parent":0,"menu_order":0,"comment_status":"closed","ping_status":"closed","template":"","meta":{"footnotes":""},"class_list":["post-619","page","type-page","status-publish","hentry"],"_links":{"self":[{"href":"https:\/\/www.argamannen.se\/index.php?rest_route=\/wp\/v2\/pages\/619","targetHints":{"allow":["GET"]}}],"collection":[{"href":"https:\/\/www.argamannen.se\/index.php?rest_route=\/wp\/v2\/pages"}],"about":[{"href":"https:\/\/www.argamannen.se\/index.php?rest_route=\/wp\/v2\/types\/page"}],"author":[{"embeddable":true,"href":"https:\/\/www.argamannen.se\/index.php?rest_route=\/wp\/v2\/users\/1"}],"replies":[{"embeddable":true,"href":"https:\/\/www.argamannen.se\/index.php?rest_route=%2Fwp%2Fv2%2Fcomments&post=619"}],"version-history":[{"count":2,"href":"https:\/\/www.argamannen.se\/index.php?rest_route=\/wp\/v2\/pages\/619\/revisions"}],"predecessor-version":[{"id":736,"href":"https:\/\/www.argamannen.se\/index.php?rest_route=\/wp\/v2\/pages\/619\/revisions\/736"}],"wp:attachment":[{"href":"https:\/\/www.argamannen.se\/index.php?rest_route=%2Fwp%2Fv2%2Fmedia&parent=619"}],"curies":[{"name":"wp","href":"https:\/\/api.w.org\/{rel}","templated":true}]}}

<p>Konferencier är jag några gånger om året för idrottsintervjuer i hallarna runt om i Stockholm samt med årliga presentationer för Artisternas Hatt. </p>
<p><a href="https://vimeo.com/262857930">https://vimeo.com/262857930</a></p>
<p><a href="https://vimeo.com/252481778">https://vimeo.com/252481778</a></p>
<p>Årligen gör jag dokumentärintervjuer för Maratonmarschen/Fotrally. </p>
<p><iframe title="Reporter i Maratonmarschen / Fotrally" src="https://player.vimeo.com/video/176776039?dnt=1&amp;app_id=122963" width="600" height="338" frameborder="0" allow="autoplay; fullscreen; picture-in-picture; clipboard-write"></iframe></p>
<p>Speaker är jag ofta för Guiness World Records, med världens meste världsrekordhållare, Tomas Lundman.</p>
<p><iframe title="Tomas Lundman Dokumentären" src="https://player.vimeo.com/video/138914787?dnt=1&amp;app_id=122963" width="600" height="338" frameborder="0" allow="autoplay; fullscreen; picture-in-picture; clipboard-write"></iframe></p>
<p>Intervju- och mediatränare samt reporter och filmare, är jag vid galor samt vid politiska utfrågningar, varav en del är offentliga.</p>
<p><iframe title="Bostadsforum mars 2018 lång film 180328" src="https://player.vimeo.com/video/262205499?dnt=1&amp;app_id=122963" width="600" height="338" frameborder="0" allow="autoplay; fullscreen; picture-in-picture; clipboard-write"></iframe></p>
<p><iframe title="Reporter Maratonmarschen / Fotrally 2010-2017" src="https://player.vimeo.com/video/217754440?dnt=1&amp;app_id=122963" width="600" height="338" frameborder="0" allow="autoplay; fullscreen; picture-in-picture; clipboard-write"></iframe></p>
<p><iframe title="Intervju Bostadsminister Peter Eriksson, Bostadsforum 170329" src="https://player.vimeo.com/video/212090203?dnt=1&amp;app_id=122963" width="600" height="338" frameborder="0" allow="autoplay; fullscreen; picture-in-picture; clipboard-write"></iframe></p>
<p><iframe title="Intervju Ulf Nilsson VD D Carnegie &amp; Co 170329" src="https://player.vimeo.com/video/211292672?dnt=1&amp;app_id=122963" width="600" height="338" frameborder="0" allow="autoplay; fullscreen; picture-in-picture; clipboard-write"></iframe></p>
<p><iframe title="Guldbaggen 2017 - Intervjuer och mingel" src="https://player.vimeo.com/video/201030959?dnt=1&amp;app_id=122963" width="600" height="338" frameborder="0" allow="autoplay; fullscreen; picture-in-picture; clipboard-write"></iframe></p>
<p><iframe title="Roygalan 2016 på 3 minuter" src="https://player.vimeo.com/video/197404328?dnt=1&amp;app_id=122963" width="600" height="338" frameborder="0" allow="autoplay; fullscreen; picture-in-picture; clipboard-write"></iframe></p>
<p><iframe title="Reporter i Maratonmarschen / Fotrally" src="https://player.vimeo.com/video/176776039?dnt=1&amp;app_id=122963" width="600" height="338" frameborder="0" allow="autoplay; fullscreen; picture-in-picture; clipboard-write"></iframe></p>


<p></p>

<p>Konferencier är jag några gånger om året för idrottsintervjuer i hallarna runt om i Stockholm samt med årliga presentationer för Artisternas Hatt.  Årligen gör jag dokumentärintervjuer för Maratonmarschen/Fotrally.  Speaker är jag ofta för Guiness World Records, med världens meste världsrekordhållare, Tomas Lundman. Intervju- och mediatränare samt reporter och filmare, är jag vid galor samt vid [&hellip;]</p>
