{"id":606,"date":"2018-04-03T21:08:36","date_gmt":"2018-04-03T21:08:36","guid":{"rendered":"http:\/\/www.argamannen.se\/?page_id=606"},"modified":"2020-10-22T17:59:47","modified_gmt":"2020-10-22T17:59:47","slug":"dokumentarfilmer","status":"publish","type":"page","link":"https:\/\/www.argamannen.se\/?page_id=606","title":{"rendered":"Dokument\u00e4rfilmer"},"content":{"rendered":"<p>Dokument\u00e4rfilmer har jag producerat sedan 2013. Kvaliteten har f\u00f6rh\u00f6jts f\u00f6r varje \u00e5r.<\/p>\n<p><iframe title=\"Intervju med regiss\u00f6ren till &quot;We got This&quot; - Schiaffino Musarra\" src=\"https:\/\/player.vimeo.com\/video\/442527556?dnt=1&amp;app_id=122963\" width=\"600\" height=\"338\" frameborder=\"0\" allow=\"autoplay; fullscreen; picture-in-picture; clipboard-write\"><\/iframe><\/p>\n<p><iframe title=\"Maratonmarschen 2019 \/ Fotrally - Dokument\u00e4ren. TEXTAD\" src=\"https:\/\/player.vimeo.com\/video\/415243199?dnt=1&amp;app_id=122963\" width=\"600\" height=\"338\" frameborder=\"0\" allow=\"autoplay; fullscreen; picture-in-picture; clipboard-write\"><\/iframe><\/p>\n<p><iframe title=\"Maratonmarschen Niklas Mylfalk 2019\" src=\"https:\/\/player.vimeo.com\/video\/388301558?dnt=1&amp;app_id=122963\" width=\"600\" height=\"338\" frameborder=\"0\" allow=\"autoplay; fullscreen; picture-in-picture; clipboard-write\"><\/iframe><\/p>\n<p><iframe title=\"Heml\u00f6sa Uppsala Vintern 2019\/2020\" src=\"https:\/\/player.vimeo.com\/video\/382072926?dnt=1&amp;app_id=122963\" width=\"600\" height=\"338\" frameborder=\"0\" allow=\"autoplay; fullscreen; picture-in-picture; clipboard-write\"><\/iframe><\/p>\n<p><iframe title=\"Trollj\u00e4garna jagar pension\u00e4rer\" src=\"https:\/\/player.vimeo.com\/video\/380311077?dnt=1&amp;app_id=122963\" width=\"600\" height=\"338\" frameborder=\"0\" allow=\"autoplay; fullscreen; picture-in-picture; clipboard-write\"><\/iframe><\/p>\n<p><iframe title=\"Palmemordet Intervju Conny Larsson 1h 59min\" src=\"https:\/\/player.vimeo.com\/video\/359126035?dnt=1&amp;app_id=122963\" width=\"600\" height=\"338\" frameborder=\"0\" allow=\"autoplay; fullscreen; picture-in-picture; clipboard-write\"><\/iframe><\/p>\n<p><iframe title=\"Palmemordet. Intervju. Kaj Hahne, Palmeutredningen. 2019\" src=\"https:\/\/player.vimeo.com\/video\/345515769?dnt=1&amp;app_id=122963\" width=\"600\" height=\"338\" frameborder=\"0\" allow=\"autoplay; fullscreen; picture-in-picture; clipboard-write\"><\/iframe><\/p>\n<p><iframe title=\"Palmemordet intervju Claes Hedberg 2019\" src=\"https:\/\/player.vimeo.com\/video\/322652577?dnt=1&amp;app_id=122963\" width=\"600\" height=\"338\" frameborder=\"0\" allow=\"autoplay; fullscreen; picture-in-picture; clipboard-write\"><\/iframe><\/p>\n<p><iframe title=\"Palmemordet Intervju Lars Jeppsson 2019\" src=\"https:\/\/player.vimeo.com\/video\/321858028?dnt=1&amp;app_id=122963\" width=\"600\" height=\"338\" frameborder=\"0\" allow=\"autoplay; fullscreen; picture-in-picture; clipboard-write\"><\/iframe><\/p>\n<p><iframe title=\"Palmemordet:  Intervju Dan H\u00f6rning och Tobias Henricsson 190228\" src=\"https:\/\/player.vimeo.com\/video\/321781105?dnt=1&amp;app_id=122963\" width=\"600\" height=\"338\" frameborder=\"0\" allow=\"autoplay; fullscreen; picture-in-picture; clipboard-write\"><\/iframe><\/p>\n<p><iframe title=\"Maratonmarschen 2018 \/ Fotrally - Dokument\u00e4ren\" src=\"https:\/\/player.vimeo.com\/video\/277925341?dnt=1&amp;app_id=122963\" width=\"600\" height=\"338\" frameborder=\"0\" allow=\"autoplay; fullscreen; picture-in-picture; clipboard-write\"><\/iframe><\/p>\n<p><iframe title=\"Maratonmarschen 2017 \/ Fotrally - Dokument\u00e4ren\" src=\"https:\/\/player.vimeo.com\/video\/276619562?dnt=1&amp;app_id=122963\" width=\"600\" height=\"338\" frameborder=\"0\" allow=\"autoplay; fullscreen; picture-in-picture; clipboard-write\"><\/iframe><\/p>\n<p><iframe title=\"Trailer Maratonmarschen Fotrally 2016\" src=\"https:\/\/player.vimeo.com\/video\/222588505?dnt=1&amp;app_id=122963\" width=\"600\" height=\"338\" frameborder=\"0\" allow=\"autoplay; fullscreen; picture-in-picture; clipboard-write\"><\/iframe><\/p>\n<p><iframe title=\"Maratonmarschen 2016 \/ Fotrally - Dokument\u00e4ren\" src=\"https:\/\/player.vimeo.com\/video\/222588416?dnt=1&amp;app_id=122963\" width=\"600\" height=\"338\" frameborder=\"0\" allow=\"autoplay; fullscreen; picture-in-picture; clipboard-write\"><\/iframe><\/p>\n<p><iframe title=\"Guldbaggen 2017 - Intervjuer och mingel\" src=\"https:\/\/player.vimeo.com\/video\/201030959?dnt=1&amp;app_id=122963\" width=\"600\" height=\"338\" frameborder=\"0\" allow=\"autoplay; fullscreen; picture-in-picture; clipboard-write\"><\/iframe><\/p>\n<p><iframe title=\"Maratonmarschen 2016 \/ Fotrally Trailer\" src=\"https:\/\/player.vimeo.com\/video\/199853174?dnt=1&amp;app_id=122963\" width=\"600\" height=\"338\" frameborder=\"0\" allow=\"autoplay; fullscreen; picture-in-picture; clipboard-write\"><\/iframe><\/p>\n<p><iframe title=\"Roygalan 2016 p\u00e5 3 minuter\" src=\"https:\/\/player.vimeo.com\/video\/197404328?dnt=1&amp;app_id=122963\" width=\"600\" height=\"338\" frameborder=\"0\" allow=\"autoplay; fullscreen; picture-in-picture; clipboard-write\"><\/iframe><\/p>\n<p><iframe title=\"Maratonmarschen 2016 \/ Fotrally. Kort efterfilm\" src=\"https:\/\/player.vimeo.com\/video\/177289594?dnt=1&amp;app_id=122963\" width=\"600\" height=\"338\" frameborder=\"0\" allow=\"autoplay; fullscreen; picture-in-picture; clipboard-write\"><\/iframe><\/p>\n<p><iframe title=\"Reporter i Maratonmarschen \/ Fotrally\" src=\"https:\/\/player.vimeo.com\/video\/176776039?dnt=1&amp;app_id=122963\" width=\"600\" height=\"338\" frameborder=\"0\" allow=\"autoplay; fullscreen; picture-in-picture; clipboard-write\"><\/iframe><\/p>\n<p><iframe title=\"Maratonmarschen 2013-2015 \/ Fotrally - Dokument\u00e4ren\" src=\"https:\/\/player.vimeo.com\/video\/172445417?dnt=1&amp;app_id=122963\" width=\"600\" height=\"338\" frameborder=\"0\" allow=\"autoplay; fullscreen; picture-in-picture; clipboard-write\"><\/iframe><\/p>\n<p><iframe title=\"Maratonmarschen \/ Fotrally starten 2015\" src=\"https:\/\/player.vimeo.com\/video\/131825552?dnt=1&amp;app_id=122963\" width=\"600\" height=\"338\" frameborder=\"0\" allow=\"autoplay; fullscreen; picture-in-picture; clipboard-write\"><\/iframe><\/p>\n<p><iframe title=\"Maratonmarschen 2013 - 2014 \/ Fotrally - Dokument\u00e4ren\" src=\"https:\/\/player.vimeo.com\/video\/131803664?dnt=1&amp;app_id=122963\" width=\"600\" height=\"338\" frameborder=\"0\" allow=\"autoplay; fullscreen; picture-in-picture; clipboard-write\"><\/iframe><\/p>\n<p><iframe title=\"Maratonmarschen 2014 \/ Fotrally - Dokument\u00e4ren\" src=\"https:\/\/player.vimeo.com\/video\/110309569?dnt=1&amp;app_id=122963\" width=\"600\" height=\"338\" frameborder=\"0\" allow=\"autoplay; fullscreen; picture-in-picture; clipboard-write\"><\/iframe><\/p>\n<p><iframe title=\"Maratonmarschen 2013 \/ Fotrally - Dokument\u00e4ren\" src=\"https:\/\/player.vimeo.com\/video\/101046408?dnt=1&amp;app_id=122963\" width=\"600\" height=\"338\" frameborder=\"0\" allow=\"autoplay; fullscreen; picture-in-picture; clipboard-write\"><\/iframe><\/p>\n<p><iframe title=\"Tomas Lundman Dokument\u00e4ren\" src=\"https:\/\/player.vimeo.com\/video\/138914787?dnt=1&amp;app_id=122963\" width=\"600\" height=\"338\" frameborder=\"0\" allow=\"autoplay; fullscreen; picture-in-picture; clipboard-write\"><\/iframe><\/p>\n","protected":false},"excerpt":{"rendered":"<p>Dokument\u00e4rfilmer har jag producerat sedan 2013. Kvaliteten har f\u00f6rh\u00f6jts f\u00f6r varje \u00e5r.<\/p>\n","protected":false},"author":1,"featured_media":0,"parent":0,"menu_order":0,"comment_status":"closed","ping_status":"closed","template":"","meta":{"footnotes":""},"class_list":["post-606","page","type-page","status-publish","hentry"],"_links":{"self":[{"href":"https:\/\/www.argamannen.se\/index.php?rest_route=\/wp\/v2\/pages\/606","targetHints":{"allow":["GET"]}}],"collection":[{"href":"https:\/\/www.argamannen.se\/index.php?rest_route=\/wp\/v2\/pages"}],"about":[{"href":"https:\/\/www.argamannen.se\/index.php?rest_route=\/wp\/v2\/types\/page"}],"author":[{"embeddable":true,"href":"https:\/\/www.argamannen.se\/index.php?rest_route=\/wp\/v2\/users\/1"}],"replies":[{"embeddable":true,"href":"https:\/\/www.argamannen.se\/index.php?rest_route=%2Fwp%2Fv2%2Fcomments&post=606"}],"version-history":[{"count":4,"href":"https:\/\/www.argamannen.se\/index.php?rest_route=\/wp\/v2\/pages\/606\/revisions"}],"predecessor-version":[{"id":721,"href":"https:\/\/www.argamannen.se\/index.php?rest_route=\/wp\/v2\/pages\/606\/revisions\/721"}],"wp:attachment":[{"href":"https:\/\/www.argamannen.se\/index.php?rest_route=%2Fwp%2Fv2%2Fmedia&parent=606"}],"curies":[{"name":"wp","href":"https:\/\/api.w.org\/{rel}","templated":true}]}}

Dokumentärfilmer

<p>Dokumentärfilmer har jag producerat sedan 2013. Kvaliteten har förhöjts för varje år.</p>
<p><iframe title="Intervju med regissören till &quot;We got This&quot; - Schiaffino Musarra" src="https://player.vimeo.com/video/442527556?dnt=1&amp;app_id=122963" width="600" height="338" frameborder="0" allow="autoplay; fullscreen; picture-in-picture; clipboard-write"></iframe></p>
<p><iframe title="Maratonmarschen 2019 / Fotrally - Dokumentären. TEXTAD" src="https://player.vimeo.com/video/415243199?dnt=1&amp;app_id=122963" width="600" height="338" frameborder="0" allow="autoplay; fullscreen; picture-in-picture; clipboard-write"></iframe></p>
<p><iframe title="Maratonmarschen Niklas Mylfalk 2019" src="https://player.vimeo.com/video/388301558?dnt=1&amp;app_id=122963" width="600" height="338" frameborder="0" allow="autoplay; fullscreen; picture-in-picture; clipboard-write"></iframe></p>
<p><iframe title="Hemlösa Uppsala Vintern 2019/2020" src="https://player.vimeo.com/video/382072926?dnt=1&amp;app_id=122963" width="600" height="338" frameborder="0" allow="autoplay; fullscreen; picture-in-picture; clipboard-write"></iframe></p>
<p><iframe title="Trolljägarna jagar pensionärer" src="https://player.vimeo.com/video/380311077?dnt=1&amp;app_id=122963" width="600" height="338" frameborder="0" allow="autoplay; fullscreen; picture-in-picture; clipboard-write"></iframe></p>
<p><iframe title="Palmemordet Intervju Conny Larsson 1h 59min" src="https://player.vimeo.com/video/359126035?dnt=1&amp;app_id=122963" width="600" height="338" frameborder="0" allow="autoplay; fullscreen; picture-in-picture; clipboard-write"></iframe></p>
<p><iframe title="Palmemordet. Intervju. Kaj Hahne, Palmeutredningen. 2019" src="https://player.vimeo.com/video/345515769?dnt=1&amp;app_id=122963" width="600" height="338" frameborder="0" allow="autoplay; fullscreen; picture-in-picture; clipboard-write"></iframe></p>
<p><iframe title="Palmemordet intervju Claes Hedberg 2019" src="https://player.vimeo.com/video/322652577?dnt=1&amp;app_id=122963" width="600" height="338" frameborder="0" allow="autoplay; fullscreen; picture-in-picture; clipboard-write"></iframe></p>
<p><iframe title="Palmemordet Intervju Lars Jeppsson 2019" src="https://player.vimeo.com/video/321858028?dnt=1&amp;app_id=122963" width="600" height="338" frameborder="0" allow="autoplay; fullscreen; picture-in-picture; clipboard-write"></iframe></p>
<p><iframe title="Palmemordet:  Intervju Dan Hörning och Tobias Henricsson 190228" src="https://player.vimeo.com/video/321781105?dnt=1&amp;app_id=122963" width="600" height="338" frameborder="0" allow="autoplay; fullscreen; picture-in-picture; clipboard-write"></iframe></p>
<p><iframe title="Maratonmarschen 2018 / Fotrally - Dokumentären" src="https://player.vimeo.com/video/277925341?dnt=1&amp;app_id=122963" width="600" height="338" frameborder="0" allow="autoplay; fullscreen; picture-in-picture; clipboard-write"></iframe></p>
<p><iframe title="Maratonmarschen 2017 / Fotrally - Dokumentären" src="https://player.vimeo.com/video/276619562?dnt=1&amp;app_id=122963" width="600" height="338" frameborder="0" allow="autoplay; fullscreen; picture-in-picture; clipboard-write"></iframe></p>
<p><iframe title="Trailer Maratonmarschen Fotrally 2016" src="https://player.vimeo.com/video/222588505?dnt=1&amp;app_id=122963" width="600" height="338" frameborder="0" allow="autoplay; fullscreen; picture-in-picture; clipboard-write"></iframe></p>
<p><iframe title="Maratonmarschen 2016 / Fotrally - Dokumentären" src="https://player.vimeo.com/video/222588416?dnt=1&amp;app_id=122963" width="600" height="338" frameborder="0" allow="autoplay; fullscreen; picture-in-picture; clipboard-write"></iframe></p>
<p><iframe title="Guldbaggen 2017 - Intervjuer och mingel" src="https://player.vimeo.com/video/201030959?dnt=1&amp;app_id=122963" width="600" height="338" frameborder="0" allow="autoplay; fullscreen; picture-in-picture; clipboard-write"></iframe></p>
<p><iframe title="Maratonmarschen 2016 / Fotrally Trailer" src="https://player.vimeo.com/video/199853174?dnt=1&amp;app_id=122963" width="600" height="338" frameborder="0" allow="autoplay; fullscreen; picture-in-picture; clipboard-write"></iframe></p>
<p><iframe title="Roygalan 2016 på 3 minuter" src="https://player.vimeo.com/video/197404328?dnt=1&amp;app_id=122963" width="600" height="338" frameborder="0" allow="autoplay; fullscreen; picture-in-picture; clipboard-write"></iframe></p>
<p><iframe title="Maratonmarschen 2016 / Fotrally. Kort efterfilm" src="https://player.vimeo.com/video/177289594?dnt=1&amp;app_id=122963" width="600" height="338" frameborder="0" allow="autoplay; fullscreen; picture-in-picture; clipboard-write"></iframe></p>
<p><iframe title="Reporter i Maratonmarschen / Fotrally" src="https://player.vimeo.com/video/176776039?dnt=1&amp;app_id=122963" width="600" height="338" frameborder="0" allow="autoplay; fullscreen; picture-in-picture; clipboard-write"></iframe></p>
<p><iframe title="Maratonmarschen 2013-2015 / Fotrally - Dokumentären" src="https://player.vimeo.com/video/172445417?dnt=1&amp;app_id=122963" width="600" height="338" frameborder="0" allow="autoplay; fullscreen; picture-in-picture; clipboard-write"></iframe></p>
<p><iframe title="Maratonmarschen / Fotrally starten 2015" src="https://player.vimeo.com/video/131825552?dnt=1&amp;app_id=122963" width="600" height="338" frameborder="0" allow="autoplay; fullscreen; picture-in-picture; clipboard-write"></iframe></p>
<p><iframe title="Maratonmarschen 2013 - 2014 / Fotrally - Dokumentären" src="https://player.vimeo.com/video/131803664?dnt=1&amp;app_id=122963" width="600" height="338" frameborder="0" allow="autoplay; fullscreen; picture-in-picture; clipboard-write"></iframe></p>
<p><iframe title="Maratonmarschen 2014 / Fotrally - Dokumentären" src="https://player.vimeo.com/video/110309569?dnt=1&amp;app_id=122963" width="600" height="338" frameborder="0" allow="autoplay; fullscreen; picture-in-picture; clipboard-write"></iframe></p>
<p><iframe title="Maratonmarschen 2013 / Fotrally - Dokumentären" src="https://player.vimeo.com/video/101046408?dnt=1&amp;app_id=122963" width="600" height="338" frameborder="0" allow="autoplay; fullscreen; picture-in-picture; clipboard-write"></iframe></p>
<p><iframe title="Tomas Lundman Dokumentären" src="https://player.vimeo.com/video/138914787?dnt=1&amp;app_id=122963" width="600" height="338" frameborder="0" allow="autoplay; fullscreen; picture-in-picture; clipboard-write"></iframe></p>

<p>Dokumentärfilmer har jag producerat sedan 2013. Kvaliteten har förhöjts för varje år.</p>
